What are the prime factors of u/33 + (-6)/(-33)?
3
Suppose -3*a + 64 = l + 2*a, -5*a = 5*l - 400. Suppose -4*p - 286 = -3*n, 10 = -n - 4*p + l. List the prime factors of 2/(-8) - n/(-8).
11
Let f = -5 - -41. Suppose 4*o + 5*s + f = 211, -2*o = -3*s - 71. Suppose 6 = -2*p + o. List the prime factors of p.
17
List the prime factors of ((-339)/6)/((-4)/8).
113
Suppose -9 = -b + 18. What are the prime factors of b?
3
Suppose -5*x - 22 = 8. Let s = 3 - -7. Let m = s + x. What are the prime factors of m?
2
Suppose 3*k = -k + 92. List the prime factors of k.
23
Suppose 0 = r + 5*g + 100, 5*r + 420 = 2*g + 1. Let h = 140 + r. List the prime factors of h.
5, 11
Let q be (3/6)/(1/16). Let p(i) = i. Let v be p(q). List the prime factors of 2/(1 - 6/v).
2
Let d = 23 + -18. Suppose -d*s - 11 = -6*s. List the prime factors of s.
11
Let x = 34 + -14. Suppose -q = -6*q + x. Suppose -l = 4*m - 25, q*m + 4*l - 18 - 10 = 0. List the prime factors of m.
2, 3
Let i(p) = p + 21. What are the prime factors of i(-8)?
13
List the prime factors of (238/17)/((-1)/(-6)).
2, 3, 7
Let t(p) = p**2 + 2 - 2*p + 9*p + p**2 + 2. Let j be t(-4). Suppose -l + j = 4. What are the prime factors of l?
2
Let w(v) = 2*v + 13. Let j be w(-6). Let l(c) = -4*c - 1. Let r be l(1). Let z = j - r. What are the prime factors of z?
2, 3
Suppose -26 = x + 4*f, -4*f - 95 + 29 = 5*x. List the prime factors of (4/x)/(2/(-50)).
2, 5
Suppose -3*j + 185 + 49 = 0. List the prime factors of j.
2, 3, 13
Suppose -8*o + 25 = -3*o. Suppose 2*v - 5*l = 0, 0 = -v - v - o*l + 40. Suppose -5*k - 35 = -v*k. List the prime factors of k.
7
Let s = -2 + 5. Suppose s*p - 4 - 38 = 0. List the prime factors of 136/p - 4/(-14).
2, 5
List the prime factors of (1052/6)/(22/33).
263
Let x = 9 - -5. Let w = 32 - x. What are the prime factors of w?
2, 3
Suppose 3*a = -r + 16, -3*r = -2*a - 0 - 4. List the prime factors of a.
2
Suppose -3*b + 14 = 2*r - 178, -b + 188 = 2*r. List the prime factors of r.
3, 31
Let v = 1 + 0. Let f(t) = 19*t - 2. What are the prime factors of f(v)?
17
Suppose -2*i = 2 - 0. Suppose 0 = 3*q - 0*q - 18. What are the prime factors of -2*((-15)/q + i)?
7
Suppose -3*x + 5*x = 3*m, 4*x = 3*m + 6. Suppose -24 - 14 = -m*c. List the prime factors of c.
19
Let t(n) = n**2 + 9*n - 10. List the prime factors of t(7).
2, 3, 17
Let u be (-2)/3 + (-2)/6. Let i = u + 2. Suppose a - 2 = i. List the prime factors of a.
3
Suppose -4*a - 5*g - 14 = 2, 0 = -4*a + 4*g + 20. List the prime factors of -2 - (a + (-4 - 3)).
2
Let h = 60 - 45. List the prime factors of h.
3, 5
Let u(s) = 14*s**2 + 5*s - 6. Let l(k) = k**2 + k - 1. Let p(j) = -6*l(j) + u(j). What are the prime factors of p(1)?
7
Suppose 0*j + j - 2 = 0. Suppose -j*a + 7 = -k + 32, 4*k - 5*a - 109 = 0. Suppose -4*f = 4*o - 56, 5*o - f - k = 15. List the prime factors of o.
2, 5
Suppose -3*j - n + 33 = 0, -47 = -5*j - 3*n + 4. Let w be 17/(-4) + 3/j. Let l(t) = t**2 + t - 5. What are the prime factors of l(w)?
7
Suppose -5*n + 0*n + 225 = 0. Suppose 0 = 5*j + 2*u - n, -8 - 11 = -2*j - u. What are the prime factors of j?
7
Let s = -11 - -52. Suppose -2*o + s = -o. What are the prime factors of o?
41
Let q(i) = -2*i + 25. What are the prime factors of q(-8)?
41
List the prime factors of (84 - 1) + (-4)/1.
79
Let a = 10 - 4. Suppose a*x - x = 30. What are the prime factors of x/9 + 10/3?
2
Let p(j) = -j**3 + 9*j**2 + 14*j + 6. What are the prime factors of p(9)?
2, 3, 11
Let l(r) be the first derivative of 6*r**2 - r - 3. List the prime factors of l(1).
11
Let c(b) = b + 1. Let r(q) = q**2 - 3. Let p be r(3). What are the prime factors of c(p)?
7
Let o(g) = -g**3 - 5*g**2 + 5*g + 3. Let y be o(-6). Let v(w) = -w - 5. Let p(r) = 6. Let m(t) = -3*p(t) - 2*v(t). What are the prime factors of m(y)?
2, 5
Suppose 3*d - 6 = -0. Let z = d + 2. What are the prime factors of z?
2
Let y = 3 - 3. Let b = y + 4. Suppose 0 = 4*n - 3*u - 1 - 14, -27 = -b*n - u. List the prime factors of n.
2, 3
Suppose -i + 0 + 2 = 0. Suppose -20 = 6*y - i*y. Let n = 7 - y. What are the prime factors of n?
2, 3
Let c be (10/(-4))/(1/(-2)). Suppose c*h = 4*k - 0*k - 90, 27 = k + h. List the prime factors of k.
5
Let z(v) = v**3 + 8*v**2 + v + 8. What are the prime factors of z(-4)?
2, 17
Suppose -3*r + z + 94 = 0, -3*z + 21 = r - 7. What are the prime factors of r?
31
Let y(q) = 2*q**2 + 1. Suppose u - 3*u = -6, 0 = -4*z - 3*u + 21. Let p be 2 - (-3)/z*0. List the prime factors of y(p).
3
Suppose -5*i + 273 = -2*t, 0*t + 126 = 2*i - 5*t. List the prime factors of i.
53
Let z(i) = -4*i**2 - 7*i. Let f(m) = 5*m**2 + 7*m. Let r(t) = 5*f(t) + 6*z(t). Let n be r(8). Suppose -n*y + 3*y + 50 = 0. List the prime factors of y.
2, 5
Suppose 5*p - 111 = 29. List the prime factors of p.
2, 7
Let u(j) be the first derivative of -j**3/3 - 3*j**2 + 6*j - 3. List the prime factors of u(-6).
2, 3
Let z(r) = 2*r**2 - 11*r - 18. Let w(h) = h**2 - 2*h + 9. Let a be w(0). List the prime factors of z(a).
3, 5
Suppose g - 2*g + 15 = 0. List the prime factors of g.
3, 5
Let u be (-9)/3 + -1 + 1. Let b(y) = y**2 - y. Let k(o) = 2*o**2 + 4*o. Let f(c) = u*b(c) + k(c). What are the prime factors of f(4)?
2, 3
Let t = -3 - 1. What are the prime factors of 4/8 + (-26)/t?
7
Suppose 2*l + c - 9 = 0, 2*c - 10 = -2*l - 0*c. List the prime factors of 20 - l/(-2 + 3).
2
Suppose -3*w + 54 - 18 = 0. List the prime factors of w.
2, 3
List the prime factors of (-2)/(-3) + 2075/15.
139
Suppose -573 = -4*y - 9*o + 4*o, 144 = y + o. What are the prime factors of y?
3, 7
Let q(l) = l - 2. Let x be q(5). Suppose -30 = -0*y + x*y. Let j = 18 + y. List the prime factors of j.
2
Suppose -66 = -x + 2*a, 4*a + 243 = 4*x + 3*a. What are the prime factors of x?
2, 3, 5
Let q(v) = -23*v**2 + v - 4. Let p(t) = t**2 - 1. Let h(b) = 3*p(b) - q(b). Let f be h(1). Let o = 36 - f. List the prime factors of o.
2, 5
Suppose -p = 4*o - 277 + 33, -108 = -2*o + 3*p. Suppose o = 5*r - 0*r. Suppose -3*s = -s - r. List the prime factors of s.
2, 3
Let a(o) = -6*o - 28. What are the prime factors of a(-8)?
2, 5
Let p(r) = r - 9. Let o be p(0). Let s = -8 - o. List the prime factors of (-46)/(-12) + s/6.
2
Let y = -40 + 63. List the prime factors of y.
23
Suppose 3*n + 0*n = -2*g, -n = 4*g. Suppose 4*l + g = -4*x + 24, -3*x + 19 = 2*l. What are the prime factors of x?
7
Let w = -3 - -2. Let i = 6 - w. What are the prime factors of i?
7
Let t = 1 - -2. Suppose 4*i + 24 = 4*s - 44, -3*s - t*i + 75 = 0. List the prime factors of s.
3, 7
Let s(f) = f**2 + 7*f - 3 - 11*f - 2*f**2 - 4*f. Suppose 4*g = 3*g - 3*u - 6, 0 = g - 3*u + 6. What are the prime factors of s(g)?
3
Let k = 20 - 2. List the prime factors of k.
2, 3
Suppose 3*r + r - 4 = 0. Let x = r - 1. Let o = x + 4. What are the prime factors of o?
2
Let y(u) be the second derivative of -u**3/6 + 2*u**2 + u. Let m(b) = -1. Let f(n) = 3*m(n) + y(n). List the prime factors of f(-7).
2
What are the prime factors of (-15)/3*(-10)/(-25)*-106?
2, 53
Let o(x) = -x**2 - 3*x - 1. Let z(u) = u - 1. Let b be z(0). Let s be o(b). Suppose 3*i - 34 = -s. List the prime factors of i.
11
Suppose 0 = 5*s + 2*j - 88, 3*j + 48 = 4*s - j. List the prime factors of s.
2
Let i(q) = 5*q - 2. Let u(l) = -l**3 + 7*l**2 - l + 10. Let b be u(7). What are the prime factors of i(b)?
13
Let l(r) = -4*r**2 - 14*r + 3. Let i(k) = k**2 + 1. Let a(g) = 3*i(g) + l(g). List the prime factors of a(-9).
3, 17
Let c be (-10)/5*(-1)/(-2). What are the prime factors of c/(1/(-4)) + 1?
5
Let k = 37 - 18. Suppose 0 = 3*o - k - 32. List the prime factors of o.
17
Suppose -6*q - m = -4*q - 9, -4*m + 3 = -3*q. Suppose 38 - 14 = y. Suppose d + q*d = y. List the prime factors of d.
2, 3
Suppose -5*p - 2*d + 1057 = 0, -7*p + 6*p + 213 = 2*d. What are the prime factors of p?
211
Let q(d) = 86*d - 4. What are the prime factors of q(2)?
2, 3, 7
Let o = 3 - 0. Suppose -f + o*f + 5*g - 10 = 0, 0 = -2*f - g + 2. Suppose 2*k = 4*k + 5*u - 37, k - 5*u + 19 = f. What are the prime factors of k?
2, 3
Let k(g) = 2*g**2 + 17*g - 15. List the prime factors of k(8).
3, 83
Suppose 0 = d + 14 - 4. Suppose n + 14 + 1 = 0. Let f = d - n. List the prime factors of f.
5
Let w = -4 - -4. Suppose -4*q = -w*q - 12. Suppose -5*c = -p - 29, q*c + 5*p = 4 + 19. What are the p